atest common divisor of 46 and y?
23
Let l be (-1 + (0 - -1))/1. Suppose -4*n + 13 = 3*c, -4*n - c = -l*c - 23. Calculate the greatest common divisor of n and 133.
7
Let n(t) = 12*t - 1 + 11*t + 10*t - 34*t. Let q be n(-3). Suppose -6 = -v - 5*v. What is the highest common divisor of q and v?
1
Let d be ((-2)/4)/(10/540). Let x be (d/(-4))/((1 + 7)/64). What is the greatest common divisor of 12 and x?
6
Let r = -22 + 15. Let j be r + 5 - (-72 - (-3 + 2)). Let o = 88 - j. Calculate the highest common factor of o and 19.
19
Let h be -38*2*18/(-24). Let n = h + -33. Let p = 76 + -60. Calculate the greatest common divisor of p and n.
8
Let s be (1*4)/(1 - -1) - -5. Suppose -13 - s = -5*w. Suppose -3*f = z - 28, -w*f = 4*z + 42 - 138. Calculate the highest common factor of 55 and z.
11
Let k be ((-18)/4)/(6/(-456)). What is the greatest common factor of k and 399?
57
Let m = -114 + 178. What is the greatest common factor of 112 and m?
16
Let r(l) = l**3 + 8*l**2 - 4*l - 79. Let a be r(-5). Calculate the greatest common divisor of 1200 and a.
16
Let o = -14863 + 14953. Calculate the greatest common divisor of 765 and o.
45
Let b(u) = -6*u + 22. Let d be b(6). Let z be (3 + 31)/(d/63). Let a = 227 + z. What is the highest common divisor of a and 37?
37
Let b(x) = -7*x**2 - 461*x + 96. Let t be b(-61). What is the greatest common factor of 775 and t?
155
Let f(d) = d**2 + 7*d + 11. Let g(k) = -8*k. Let j be g(0). Let v be f(j). What is the greatest common divisor of v and 275?
11
Let h be (-8 - -8) + (82 - 0). Let t be (3/9)/(2/12). Suppose t*j + h = a, 3*j + 411 = 4*a + 63. Calculate the greatest common divisor of a and 10.
10
Let c = 66 + -333. Let y = c + 553. What is the greatest common factor of y and 22?
22
Suppose -5*i - 5*m + 2430 - 210 = 0, 4*i = 5*m + 1740. Suppose 0 = 4*a + 16, -5*c + 3*a + 1332 = -0*a. Calculate the greatest common divisor of i and c.
88
Let x(d) = -36*d - 1487. Let l be x(-42). Suppose q + 5*y = 35, 5*q - q - 98 = y. What is the greatest common divisor of q and l?
25
Suppose -2*x - 565 - 226 = -l, -x = l - 779. Calculate the highest common divisor of l and 351.
27
Let n = -170 + 190. Let a be 4/(-10) + -2*(-244)/n. What is the highest common divisor of a and 60?
12
Let a = -22 + 212. Suppose 4*g - 9*v = -10*v + 7, -4*v - 35 = -5*g. Suppose 43 = 2*h + q + 19, -q = g*h - 34. What is the greatest common factor of h and a?
10
Let x(n) = 4*n**3 + 14*n**2 - 35*n + 12. Let a be x(2). Let q = -148 - -208. Calculate the highest common factor of q and a.
30
Let x(n) = 2*n**3 - 7*n**2 + 12*n - 7. Let w be x(3). Let s = w - -3. Calculate the greatest common factor of s and 299.
23
Let n be (-2)/(-4)*(-11 - (-54)/(-6)). Let s be 4/n + (-260)/(-25). Let j = 6 + -1. What is the highest common factor of j and s?
5
Suppose 2*t - 247 = 5*w - 2428, 3*t + 9 = 0. What is the greatest common factor of w and 957?
87
Let r = 15 + 189. Let s(n) = -99*n**3 + 51 - 97*n**3 - 96*n**3 + 293*n**3 + 26*n**2. Let c be s(-26). What is the highest common divisor of c and r?
51
Suppose 0 = -10*l + 1763 + 467. Suppose 5*o = 5*v + 215, l = 5*o + 2*v - 27. Calculate the highest common divisor of o and 208.
16
Let g = 29459 + -29435. Let c(o) = 3*o**2 + 6*o + 3. Let b be c(7). What is the greatest common divisor of b and g?
24
Let c(s) = 611 - 315 - 310 + s**2. Let y be c(-6). Suppose 4*j - 88 = -0*j. Calculate the greatest common factor of y and j.
22
Suppose -20 = -2*t - 4. Let s be (-4056)/18*(-6)/4. Suppose 1088 = -s*n + 355*n. Calculate the highest common divisor of t and n.
8
Let k = -312 - -294. Let x be (-12)/k - 18571/(-21). What is the greatest common divisor of x and 15?
15
Let w(k) = k**3 + 4*k**2 + k - 1. Let g = -42 + 39. Let b be w(g). Suppose 10*t - 80 = b*t. What is the highest common divisor of t and 64?
16
Let k(q) = q**2 + 12*q + 21. Suppose 0 = 4*a + 12, a = 10*f - 5*f + 77. Let x be k(f). Calculate the highest common divisor of 5 and x.
5
Let d = 24 + -25. Let a be 4/d + 255 - 1. Let t be 50/(-6)*(-9)/3. Calculate the highest common factor of t and a.
25
Suppose o = -2*l - 84, 4*o - 5*l + 63 = 3*o. Let p = 10 - o. Let b = -9 - -17. Calculate the highest common factor of p and b.
8
Let s(c) = -10 + 2*c**2 + 25 - 2728*c + 2749*c. Let d be s(-15). Calculate the greatest common factor of 30 and d.
30
Let j(p) = p**3 + 15*p**2 - 4*p - 102. Let n be j(-14). What is the highest common divisor of n and 375?
75
Let v be (-17675)/(-2) - 687/458. What is the highest common factor of 376 and v?
188
Let i be (-4)/(-22) + 204*812/3696. Calculate the highest common factor of i and 13815.
45
Let y(s) be the first derivative of s**2/2 - 10*s - 10. Let i be y(12). Let j(x) = 3*x**2 + x. Let w be j(i). What is the highest common divisor of 2 and w?
2
Let d(c) = -c**2 + 130*c - 2849. Let h be d(61). Calculate the greatest common divisor of 880 and h.
80
Let n(q) = 58*q + 18. Let j be n(3). Suppose -90 = j*x - 197*x. What is the highest common factor of 30 and x?
6
Let c = 1566 - 1048. What is the greatest common factor of 28 and c?
14
Let j be (3 - (1 + 4))*-1. Suppose 48*s + 15 = 53*s. Suppose 0 = -5*y + j*g + 356, -y - g - s*g = -80. What is the highest common factor of 18 and y?
18
Suppose -q + 4*y = -324, 3*q + 21*y - 972 = 23*y. Calculate the highest common factor of q and 3645.
81
Let k be (3875/(-62))/(0 + 5/(-12)). What is the greatest common divisor of k and 7900?
50
Let d be 154/(-14) - -203 - (-1 - -5). Let g = d + -118. What is the greatest common divisor of g and 40?
10
Let b be (-13)/3*3*-101. Let v = -117193 + 117206. Calculate the greatest common divisor of b and v.
13
Let i = -84 - -121. Let y be (-31851)/(-21) - (-2)/7. What is the highest common factor of y and i?
37
Let q(c) = -4*c**2 + 269*c - 213. Let m be q(65). What is the greatest common divisor of 276 and m?
12
Suppose 4*d = 5*l - 581, -3*l + 2*l + 120 = 3*d. Let u(o) = 3*o**2 - 56*o - 277. Let t be u(-5). What is the greatest common divisor of t and l?
39
Suppose 0 = 2*u - 3*u + 10. Let y(p) = p**3 + 4*p**2 - 62*p - 275. Let i be y(-5). Calculate the greatest common factor of i and u.
10
Let k be 38/95 + 58/5. Let m be 197 - ((-6)/(-4))/(6/20). Calculate the highest common divisor of k and m.
12
Suppose 2*s + g = 5*s - 21, 3*s - 4*g = 30. Let k = -32 + 56. Suppose k*v - 8 = 20*v. What is the greatest common divisor of s and v?
2
Let r = 73 + -43. Suppose 12*c = 14*c - r. What is the greatest common factor of 60 and c?
15
Suppose 0 = -21*d + 42450 - 6288. Calculate the greatest common factor of d and 546.
42
Let q be (12/14)/((-2)/(-28)). Let d = -1811 + 4295. Suppose 26*y - 3*y - d = 0. Calculate the greatest common factor of y and q.
12
Let v(s) = -s - 41. Let p be v(-37). Let b be p/(4/(-18) - 615/(-2970)). What is the greatest common factor of 22 and b?
22
Let n be 19 + (-738)/41 + (-1)/(1/(-65)). Calculate the highest common divisor of n and 42.
6
Suppose 109*y = 6468 + 2361. What is the highest common divisor of y and 9774?
27
Suppose 4*d - 237 = 5*y, 3*d - 5*y - 174 = -0*d. Calculate the highest common factor of 1911 and d.
21
Suppose 2*u - o = -234 + 242, 0 = 3*u + 5*o + 14. What is the highest common divisor of 214 and u?
2
Suppose -2*t + 9463 = 5*c - 5603, -7494 = -t + 4*c. What is the greatest common factor of 42 and t?
42
Let c be 202/22 + 24/(-132). Suppose q - 4*q + c = 0. Suppose 13 + 8 = q*m. Calculate the highest common factor of m and 21.
7
Suppose -3*z = -5*v - 910, 2*z + 4*v - 151 = 441. What is the greatest common divisor of z and 420?
60
Suppose -z + 639 - 387 = -4*y, 4*y = 4*z - 1044. What is the highest common factor of z and 462?
66
Let n be (2 - (-7)/(-5))/((-12)/(-60)). Suppose -2*b + 1 = -n. Suppose -b*x + 43 = -7. Calculate the greatest common divisor of 50 and x.
25
Let f = -693 + 695. Let z be (-7)/((30/(-18) + f)/(-3)). What is the greatest common factor of z and 147?
21
Suppose -124*n + 315312 = -190608. What is the greatest common factor of 160 and n?
80
Let z(k) = 10*k - 27. Let t(o) = -6*o + 13. Let v(b) = 7*t(b) + 4*z(b). Let w be v(-14). What is the highest common factor of 407 and w?
11
Let w = 6916 + -3524. Calculate the highest common factor of w and 106.
106
Let s be (1/(-4)*6)/(1/(-6)). Suppose -y - s = -2*y. Suppose -x + 4 = -68. Calcu